
Let j = -364 + 1401. Suppose j = 5*y + 312. Let q = 900 - 863. What is the remainder when y is divided by q?
34
Suppose 663*o - 10879 = 652*o. What is the remainder when o is divided by 31?
28
Calculate the remainder when 3333 is divided by (-53)/((3/9)/(-10 - -9)).
153
Let v(f) = -f**3 + 21*f**2 - 21*f - 188. What is the remainder when v(18) is divided by 5?
1
Let y = -32 + 39. Let z = 31 + -19. What is the remainder when 232/12 + (-4)/z is divided by y?
5
Let b = -629 + 382. Let h = -165 - b. What is the remainder when 322 is divided by h?
76
Let c = -2462 - -4813. Calculate the remainder when c is divided by 181.
179
Let b be (-3)/(-9)*36/(4 + 0). Suppose 0*v + 384 = -b*v. Let l = -94 - v. Calculate the remainder when l is divided by 7.
6
Suppose 28 = t + 26*w - 24*w, 0 = 4*t - 5*w - 138. What is the remainder when 35 is divided by t?
3
Let j be 14/(-6)*(-5616)/(-6). What is the remainder when 2/3*j/(-112) is divided by 5?
3
Suppose 0 = 3*q - k - 1745, 97*q - 96*q = 4*k + 567. What is the remainder when 587 is divided by q?
4
Let z(g) = 6*g**2 - 16*g + 1. Let p be z(-11). Let r = p + -21. Suppose -19*w + 10*w + r = 0. Calculate the remainder when w is divided by 33.
32
Suppose -37 = -7*t - 16. Suppose -81 = -t*r + 3*n, -4*n = 2*r - 3*n - 39. What is the remainder when r is divided by 3?
1
What is the remainder when (-180)/(-24)*9680/300 is divided by 234?
8
Suppose s - 2*v - 1162 = 0, 227*s = 223*s + 3*v + 4678. What is the remainder when s is divided by 8?
6
Suppose f = -5*t + 3276, 43*t - 44*t - 4*f + 640 = 0. Calculate the remainder when 668 is divided by t.
12
Suppose 0 = -5*o + 4*r + 21, -5*r + 19 + 6 = 4*o. Suppose -o*a = -a - 2*a. Suppose 7*v - 5*v - 10 = a. Calculate the remainder when 16 is divided by v.
1
Suppose 2*o - 4*g = 18 + 20, 2*o - 28 = 2*g. What is the remainder when 898 is divided by 3 + 196/o - (-6)/27?
23
Suppose 0 = -2*i - 5*a - 123 + 314, 4*i - 337 = -a. Calculate the remainder when i is divided by 62.
21
Let u(z) = 157*z + 16779. What is the remainder when u(-83) is divided by 50?
48
Let n(k) = -k**3 + 45*k**2 + 32*k - 509. Calculate the remainder when n(45) is divided by 24.
19
Suppose 4*v - 5*q = 99, 3*v + 2*v + 4*q = 175. What is the remainder when v is divided by (32/20)/(6*1/45)?
7
Suppose 5*b + s = 1433, -1722 + 584 = -4*b + 2*s. What is the remainder when b is divided by 33?
22
Let q(j) = 13*j - 5. Let w be q(1). Suppose w*s = 249 + 39. Let o(r) = r + 6. What is the remainder when s is divided by o(7)?
10
Let y(j) = 17*j + 5. Suppose -274*n + 921*n = 467*n + 2340. What is the remainder when y(4) is divided by n?
8
Let u = -22865 - -23144. Calculate the remainder when 1671 is divided by u.
276
Let g(y) = -2*y**3 - 2*y**2 + 15*y + 5. Let s be 3*(100/(-12) + 5 - -2). What is the remainder when 81 is divided by g(s)?
40
Let b(y) = -118*y + 367. Calculate the remainder when 1171 is divided by b(2).
123
Let v be (36/54)/(2/6). What is the remainder when -3 - (-1 - 99 - -4) is divided by (-93)/(-3) + (v - 1)?
29
Let q = 42 - 36. Suppose -4*w + 4*o = -60, 6*w + o = 4*w + 36. Calculate the remainder when w is divided by q.
5
Suppose 2*u + 85 = -t, -8*u = -5*u - 3*t + 150. Calculate the remainder when 8 is divided by (-41 - u) + -2 + 2 + 2.
2
Suppose -a + 13*y - 18*y = -190, -a = y - 194. What is the remainder when a is divided by 65?
0
Suppose 109*r + 7952 = 52206. What is the remainder when r is divided by 102?
100
Let y(x) = 44*x - 64. Let o be y(4). Suppose -o = -4*j + 3*a - 7, 3*a - 135 = -4*j. What is the remainder when 84 is divided by j?
24
Suppose -4*m = -25*l + 20*l - 25302, 0 = 4*m + 7*l - 25374. What is the remainder when m is divided by 8?
5
Let z(b) = -b**3 - 49*b**2 - 50*b - 83. What is the remainder when (-3)/(-3*(-7)/(-322)) is divided by z(-48)?
7
Let j(r) = 12*r + 549. What is the remainder when j(-42) is divided by 20?
5
Let s(a) = 6*a**2 - 221*a + 423. Calculate the remainder when 750 is divided by s(36).
21
Let y = 208 - 162. Let j(f) = f**3 + f - 2. Let r be j(2). Let q(g) = -g**3 + 9*g**2 + 3*g + 1. Calculate the remainder when q(r) is divided by y.
43
Suppose -5*q = -14 + 9. Suppose 0 = 3*i + 4*m - q, -5*m + 30 = -2*i. Calculate the remainder when (-5)/i + 95*1 is divided by 20.
16
Suppose t + 0*y = 4*y + 10, -3*y = 6. Suppose -3*j = -5*h + 103, t*h + 2*h - 5*j = 85. Calculate the remainder when 277 is divided by h.
17
Let a(c) = -c + 9. Let w = 136 - 132. Let j be a(w). Suppose i + 195 = j*y, -143 - 52 = -5*y + 5*i. Calculate the remainder when 73 is divided by y.
34
Let c(i) = i**3 - 23*i**2 + 31*i - 392. Let f = 29 - 17. What is the remainder when c(23) is divided by f?
9
Suppose 3*k - 273 = -3*v, 12*k - 7*k = 5*v - 405. Calculate the remainder when v is divided by 8.
6
Let a be (-2)/11 - (-9)/(-11). Let f(p) = -8*p - 6. Let s(c) = c. Let j(d) = a*f(d) - 4*s(d). What is the remainder when j(4) is divided by 8?
6
Calculate the remainder when 3*1/(-1) - ((8 - -8) + -8662) is divided by 19.
17
Suppose 5*t = 4*n - 283, n - 21 = -5*t + 6. Calculate the remainder when 196 is divided by n.
10
Let z be (-169)/4*10*(-22)/55. Let w = z + -3. What is the remainder when w is divided by 42?
40
Suppose 0 = -2*u + g + 149, 20*g - 25*g - 115 = -u. Suppose -m - 2*c = -346, -2*m - 3*c + 146 = -547. Calculate the remainder when m is divided by u.
68
Let w = -184 - -203. Suppose 50 = -k + 5*k - 3*l, -4*l = -k + w. Calculate the remainder when 42 is divided by k.
9
Let o(m) = m - 2. Let q be o(0). Let u be 2/((1 - q)/3) + 0. Suppose u*h - 10*h = -32. What is the remainder when 31 is divided by h?
3
Let k = -326 + 86. Calculate the remainder when (1 + k/(-9))*3 is divided by 18.
11
Let h(m) = m**3 + 110*m**2 - m - 60. Calculate the remainder when h(-110) is divided by 21.
8
Let s = 348 - 344. Suppose -5*w + 5*g + 137 = 3*g, 4*g = -s. Calculate the remainder when 123 is divided by w.
15
Let i = -24 + 57. Suppose -79*s + 24257 = -71*s + 119*s. Calculate the remainder when s is divided by i.
26
Let q(o) = -o**3 - 6*o**2 - 4*o - 21. Let j be q(-6). Let w be 1*-6 + j + 42 + -1. Let k = w - 20. What is the remainder when 69 is divided by k?
15
Suppose -51*v - 57*v + 96 = -76*v. What is the remainder when 4230 is divided by v?
0
Suppose 0 = 705*k - 683*k - 15994. Calculate the remainder when k is divided by 92.
83
Suppose -155 = 4*r - 5*m, 4*m - 6*m + 170 = -4*r. What is the remainder when 2 - r/(-20) - (-201)/4 is divided by 26?
24
Let d = -5458 + 5924. What is the remainder when d is divided by 12?
10
Let c = 6593 + -6575. Calculate the remainder when 2698 is divided by c.
16
Let z = 21914 - 7355. Calculate the remainder when z is divided by 160.
159
Suppose -5*v + x = -509, -1033*v - 208 = -1035*v - 4*x. What is the remainder when 655 is divided by v?
43
Suppose 15*v + 6*v + 798 = 63*v. What is the remainder when 635 is divided by v?
8
Let u be (-828)/8*(-5 - (-3)/1). Let p = -147 + u. What is the remainder when 177 is divided by p?
57
Let s = 13201 - 7659. What is the remainder when s is divided by 126?
124
Let v = -5498 - -9686. Calculate the remainder when v is divided by 71.
70
What is the remainder when 557942/44*2/28*8 is divided by 11?
8
Suppose -3*x + 4*n = -745 + 391, -5*x = -n - 607. What is the remainder when x is divided by (-7)/2*4*-1?
10
Suppose -4*z = -113 + 9. Suppose 22*v + v = -33*v + 5040. Calculate the remainder when v is divided by z.
12
Let b be (2 - -272)/(46/(-115)). Let p = -678 - b. What is the remainder when 164 is divided by p?
3
Suppose 16528 = 1047*w + 823. Calculate the remainder when (2/(-6))/((-2)/114) is divided by w.
4
Suppose 460*r = 454*r + 1212. What is the remainder when (-3)/((-3)/r) - -5 is divided by 13?
12
Suppose 17 = 92*w - 156*w + 1041. Calculate the remainder when 76 is divided by w.
12
Let q(n) be the third derivative of 0*n + 24*n**2 + 1/3*n**3 - 1/24*n**4 + 1/60*n**5 + 0. Calculate the remainder when 41 is divided by q(-4).
19
Let g(r) = -9*r**3 - 199*r**2 - 25*r + 30. Let b be g(-22). Suppose 2*i - b - 443 = -3*u, 2*i + 356 = 2*u. What is the remainder when u is divided by 37?
31
Suppose 2*p = 4*p - 156. Let h(l) = l**3 - 2*l**2 + 5*l - 6. Let k be h(2). Suppose -2*x - 32 = -k*x. Calculate the remainder when p is divided by x.
14
Let c(l) = 5*l**2 + 836*l - 421